 131.
127
Calculate the remainder when 35969 is divided by 391.
388
What is the remainder when 3875 is divided by 1774?
327
What is the remainder when 33701 is divided by 33445?
256
Calculate the remainder when 42955 is divided by 94.
91
Calculate the remainder when 17014 is divided by 5353.
955
Calculate the remainder when 214338 is divided by 119.
19
Calculate the remainder when 31381 is divided by 1960.
21
Calculate the remainder when 400 is divided by 191.
18
Calculate the remainder when 67807 is divided by 67789.
18
What is the remainder when 9221 is divided by 385?
366
Calculate the remainder when 39572 is divided by 39563.
9
What is the remainder when 3051 is divided by 47?
43
What is the remainder when 419212 is divided by 675?
37
What is the remainder when 45092 is divided by 157?
33
What is the remainder when 309362 is divided by 1021?
1020
What is the remainder when 3086 is divided by 405?
251
Calculate the remainder when 1956 is divided by 952.
52
What is the remainder when 274078 is divided by 30?
28
Calculate the remainder when 35996 is divided by 45.
41
Calculate the remainder when 26417 is divided by 6559.
181
What is the remainder when 2330 is divided by 900?
530
What is the remainder when 43842 is divided by 563?
491
Calculate the remainder when 5351 is divided by 67.
58
Calculate the remainder when 535 is divided by 74.
17
Calculate the remainder when 192136 is divided by 21348.
4
What is the remainder when 15194 is divided by 116?
114
What is the remainder when 6573 is divided by 364?
21
What is the remainder when 857379 is divided by 285790?
9
Calculate the remainder when 94469 is divided by 14.
11
What is the remainder when 2681 is divided by 561?
437
What is the remainder when 2819 is divided by 4?
3
What is the remainder when 4524912 is divided by 1147?
1144
Calculate the remainder when 92307 is divided by 46140.
27
Calculate the remainder when 770 is divided by 181.
46
Calculate the remainder when 123448 is divided by 41138.
34
Calculate the remainder when 106687 is divided by 53.
51
Calculate the remainder when 2973 is divided by 205.
103
What is the remainder when 23801 is divided by 792?
41
Calculate the remainder when 5495 is divided by 5422.
73
What is the remainder when 45541 is divided by 51?
49
Calculate the remainder when 1504 is divided by 172.
128
What is the remainder when 9026532 is divided by 22?
20
What is the remainder when 1949 is divided by 365?
124
Calculate the remainder when 32053 is divided by 1500.
553
What is the remainder when 3819 is divided by 49?
46
What is the remainder when 31976 is divided by 1594?
96
Calculate the remainder when 65968 is divided by 18.
16
Calculate the remainder when 8747 is divided by 176.
123
What is the remainder when 37795 is divided by 504?
499
What is the remainder when 42784 is divided by 10694?
8
What is the remainder when 4303 is divided by 832?
143
What is the remainder when 957 is divided by 189?
12
What is the remainder when 4780 is divided by 4768?
12
What is the remainder when 25627 is divided by 9?
4
What is the remainder when 3022 is divided by 77?
19
What is the remainder when 29917 is divided by 68?
65
What is the remainder when 48885 is divided by 16293?
6
What is the remainder when 168563 is divided by 42114?
107
What is the remainder when 2307 is divided by 348?
219
Calculate the remainder when 55264 is divided by 9.
4
What is the remainder when 476579 is divided by 68082?
5
Calculate the remainder when 4831 is divided by 1015.
771
What is the remainder when 50921 is divided by 143?
13
What is the remainder when 4812 is divided by 344?
340
Calculate the remainder when 92256 is divided by 101.
43
What is the remainder when 54066 is divided by 8?
2
Calculate the remainder when 61328 is divided by 5.
3
What is the remainder when 218191 is divided by 1199?
1172
Calculate the remainder when 52090 is divided by 17360.
10
Calculate the remainder when 2413 is divided by 263.
46
Calculate the remainder when 71045 is divided by 214.
211
Calculate the remainder when 977 is divided by 442.
93
What is the remainder when 754 is divided by 266?
222
What is the remainder when 75959 is divided by 37979?
1
Calculate the remainder when 29724 is divided by 14853.
18
What is the remainder when 323411 is divided by 44?
11
What is the remainder when 319018 is divided by 6?
4
What is the remainder when 1505369 is divided by 25?
19
Calculate the remainder when 171608 is divided by 1505.
38
Calculate the remainder when 64456 is divided by 18.
16
What is the remainder when 30891 is divided by 156?
3
Calculate the remainder when 15797 is divided by 718.
1
Calculate the remainder when 12349 is divided by 11.
7
What is the remainder when 139416 is divided by 63?
60
What is the remainder when 630 is divided by 133?
98
Calculate the remainder when 55282 is divided by 17.
15
Calculate the remainder when 17614 is divided by 1362.
1270
Calculate the remainder when 26794 is divided by 28.
26
Calculate the remainder when 42477 is divided by 317.
316
What is the remainder when 1899431 is divided by 37?
36
What is the remainder when 8501 is divided by 57?
8
What is the remainder when 80420 is divided by 40209?
2
Calculate the remainder when 4212 is divided by 13.
0
What is the remainder when 429 is divided by 227?
202
What is the remainder when 1249 is divided by 1061?
188
Calculate the remainder when 6283 is divided by 285.
13
Calculate the remainder when 4037 is divided by 3948.
89
What is the remainder when 532078 is divided by 180?
178
What is the remainder when 37895 is divided by 53?
0
Calculate the remainder when 2996 is divided by 52.
32
Calculate the remainder when 8328 is divided by 2773.
9
What is the remainder when 45391 is divided by 1513?
1
What is the remainder when 55563 is divided by 98?
95
What is the remainder when 171 is divided by 12?
3
Calculate the remainder when 1043 is divided by 133.
112
Calculate the remainder when 3745 is divided by 398.
163
What is the remainder when 3317 is divided by 109?
47
Calculate the remainder when 1669112 is divided by 1101.
1097
Calculate the remainder when 184155 is divided by 210.
195
Calculate the remainder when 1533 is divided by 244.
69
Calculate the remainder when 57627 is divided by 55.
42
Calculate the remainder when 4096 is divided by 1179.
559
What is the remainder when 2455 is divided by 1760?
695
Calculate the remainder when 31493 is divided by 256.
5
What is the remainder when 2076 is divided by 44?
8
Calculate the remainder when 83872 is divided by 19.
6
What is the remainder when 68395 is divided by 3?
1
What is the remainder when 62583 is divided by 20842?
57
What is the remainder when 2140 is divided by 1056?
28
Calculate the remainder when 40392 is divided by 19.
17
What is the remainder when 10416 is divided by 5170?
76
What is the remainder when 1663 is divided by 514?
121
What is the remainder when 1395825 is divided by 609?
606
Calculate the remainder when 5351 is divided by 744.
143
What is the remainder when 619497 is divided by 140?
137
What is the remainder when 3353 is divided by 494?
389
Calculate the remainder when 730509 is divided by 1321.
1317
What is the remainder when 7666 is divided by 1030?
456
Calculate the remainder when 14679 is divided by 55.
49
What is the remainder when 1605905 is divided by 84?
77
Calculate the remainder when 43338 is divided by 53.
37
Calculate the remainder when 5898 is divided by 2947.
4
What is the remainder when 22336 is divided by 102?
100
What is the remainder when 15013 is divided by 601?
589
What is the remainder when 9115 is divided by 349?
41
What is the remainder when 90655 is divided by 17?
11
Calculate the remainder when 13880 is divided by 283.
13
Calculate the remainder when 10916 is divided by 15.
11
What is the remainder when 5321 is divided by 5311?
10
Calculate the remainder when 11481 is divided by 115.
96
What is the remainder when 3166 is divided by 399?
373
What is the remainder when 3680 is divided by 1829?
22
What is the remainder when 7519 is divided by 418?
413
What is the remainder when 10038 is divided by 108?
102
What is the remainder when 118076 is divided by 246?
242
Calculate the remainder when 2795 is divided by 1486.
1309
What is the r